{"id":912,"date":"2021-10-21T22:04:12","date_gmt":"2021-10-21T22:04:12","guid":{"rendered":"https:\/\/lukatilinger.com\/?page_id=912"},"modified":"2021-11-13T11:41:59","modified_gmt":"2021-11-13T11:41:59","slug":"sazbuka","status":"publish","type":"page","link":"https:\/\/lukatilinger.com\/index.php\/sazbuka\/","title":{"rendered":"Sazbuka"},"content":{"rendered":"\t\t<div data-elementor-type=\"wp-page\" data-elementor-id=\"912\" class=\"elementor elementor-912\">\n\t\t\t\t\t\t\t\t\t<section class=\"elementor-section elementor-top-section elementor-element elementor-element-626bbd2 elementor-section-boxed elementor-section-height-default elementor-section-height-default\" data-id=\"626bbd2\" data-element_type=\"section\">\n\t\t\t\t\t\t<div class=\"elementor-container elementor-column-gap-default\">\n\t\t\t\t\t<div class=\"elementor-column elementor-col-50 elementor-top-column elementor-element elementor-element-a465acf\" data-id=\"a465acf\" data-element_type=\"column\">\n\t\t\t<div class=\"elementor-widget-wrap elementor-element-populated\">\n\t\t\t\t\t\t\t\t<div class=\"elementor-element elementor-element-447cd90 elementor-widget elementor-widget-image\" data-id=\"447cd90\" data-element_type=\"widget\" data-widget_type=\"image.default\">\n\t\t\t\t<div class=\"elementor-widget-container\">\n\t\t\t<style>\/*! elementor - v3.15.0 - 09-08-2023 *\/\n.elementor-widget-image{text-align:center}.elementor-widget-image a{display:inline-block}.elementor-widget-image a img[src$=\".svg\"]{width:48px}.elementor-widget-image img{vertical-align:middle;display:inline-block}<\/style>\t\t\t\t\t\t\t\t\t\t\t\t<img loading=\"lazy\" decoding=\"async\" width=\"785\" height=\"1080\" src=\"https:\/\/lukatilinger.com\/wp-content\/uploads\/2021\/10\/Sazbuka-Korica-1k.jpg\" class=\"attachment-full size-full wp-image-917\" alt=\"\" srcset=\"https:\/\/lukatilinger.com\/wp-content\/uploads\/2021\/10\/Sazbuka-Korica-1k.jpg 785w, https:\/\/lukatilinger.com\/wp-content\/uploads\/2021\/10\/Sazbuka-Korica-1k-218x300.jpg 218w, https:\/\/lukatilinger.com\/wp-content\/uploads\/2021\/10\/Sazbuka-Korica-1k-744x1024.jpg 744w, https:\/\/lukatilinger.com\/wp-content\/uploads\/2021\/10\/Sazbuka-Korica-1k-768x1057.jpg 768w, https:\/\/lukatilinger.com\/wp-content\/uploads\/2021\/10\/Sazbuka-Korica-1k-9x12.jpg 9w\" sizes=\"auto, (max-width: 785px) 100vw, 785px\" \/>\t\t\t\t\t\t\t\t\t\t\t\t\t\t\t<\/div>\n\t\t\t\t<\/div>\n\t\t\t\t\t<\/div>\n\t\t<\/div>\n\t\t\t\t<div class=\"elementor-column elementor-col-50 elementor-top-column elementor-element elementor-element-07f2f25\" data-id=\"07f2f25\" data-element_type=\"column\">\n\t\t\t<div class=\"elementor-widget-wrap elementor-element-populated\">\n\t\t\t\t\t\t\t\t<div class=\"elementor-element elementor-element-a51608a elementor-widget elementor-widget-image\" data-id=\"a51608a\" data-element_type=\"widget\" data-widget_type=\"image.default\">\n\t\t\t\t<div class=\"elementor-widget-container\">\n\t\t\t\t\t\t\t\t\t\t\t\t\t\t\t<img loading=\"lazy\" decoding=\"async\" width=\"1381\" height=\"1080\" src=\"https:\/\/lukatilinger.com\/wp-content\/uploads\/2021\/10\/A-uvod.jpg\" class=\"attachment-full size-full wp-image-951\" alt=\"\" srcset=\"https:\/\/lukatilinger.com\/wp-content\/uploads\/2021\/10\/A-uvod.jpg 1381w, https:\/\/lukatilinger.com\/wp-content\/uploads\/2021\/10\/A-uvod-300x235.jpg 300w, https:\/\/lukatilinger.com\/wp-content\/uploads\/2021\/10\/A-uvod-1024x801.jpg 1024w, https:\/\/lukatilinger.com\/wp-content\/uploads\/2021\/10\/A-uvod-768x601.jpg 768w, https:\/\/lukatilinger.com\/wp-content\/uploads\/2021\/10\/A-uvod-15x12.jpg 15w, https:\/\/lukatilinger.com\/wp-content\/uploads\/2021\/10\/A-uvod-1200x938.jpg 1200w\" sizes=\"auto, (max-width: 1381px) 100vw, 1381px\" \/>\t\t\t\t\t\t\t\t\t\t\t\t\t\t\t<\/div>\n\t\t\t\t<\/div>\n\t\t\t\t<div class=\"elementor-element elementor-element-58cc2c1 elementor-widget elementor-widget-text-editor\" data-id=\"58cc2c1\" data-element_type=\"widget\" data-widget_type=\"text-editor.default\">\n\t\t\t\t<div class=\"elementor-widget-container\">\n\t\t\t<style>\/*! elementor - v3.15.0 - 09-08-2023 *\/\n.elementor-widget-text-editor.elementor-drop-cap-view-stacked .elementor-drop-cap{background-color:#69727d;color:#fff}.elementor-widget-text-editor.elementor-drop-cap-view-framed .elementor-drop-cap{color:#69727d;border:3px solid;background-color:transparent}.elementor-widget-text-editor:not(.elementor-drop-cap-view-default) .elementor-drop-cap{margin-top:8px}.elementor-widget-text-editor:not(.elementor-drop-cap-view-default) .elementor-drop-cap-letter{width:1em;height:1em}.elementor-widget-text-editor .elementor-drop-cap{float:left;text-align:center;line-height:1;font-size:50px}.elementor-widget-text-editor .elementor-drop-cap-letter{display:inline-block}<\/style>\t\t\t\t<p><strong>\u0160AZBUKA<\/strong> &#8211; Rade Tanasijevi\u0107 (2021, Slu\u017ebeni glasnik)<\/p><p>The fourth book in &#8220;AlphaBetical Order&#8221; collection.<\/p><p>Old keeper of the forest and his niece explore the woods, collecting herbs and stories in thirty lyrical\u00a0chapters\u2026<\/p><p>Editor: Vladislava Vojnovi\u0107<\/p>\t\t\t\t\t\t<\/div>\n\t\t\t\t<\/div>\n\t\t\t\t\t<\/div>\n\t\t<\/div>\n\t\t\t\t\t\t\t<\/div>\n\t\t<\/section>\n\t\t\t\t<section class=\"elementor-section elementor-top-section elementor-element elementor-element-a461a2e elementor-section-boxed elementor-section-height-default elementor-section-height-default\" data-id=\"a461a2e\" data-element_type=\"section\">\n\t\t\t\t\t\t<div class=\"elementor-container elementor-column-gap-default\">\n\t\t\t\t\t<div class=\"elementor-column elementor-col-100 elementor-top-column elementor-element elementor-element-7124ac2\" data-id=\"7124ac2\" data-element_type=\"column\">\n\t\t\t<div class=\"elementor-widget-wrap elementor-element-populated\">\n\t\t\t\t\t\t\t\t<div class=\"elementor-element elementor-element-797bf6f gallery-spacing-custom elementor-widget elementor-widget-image-gallery\" data-id=\"797bf6f\" data-element_type=\"widget\" data-settings=\"{&quot;_animation&quot;:&quot;none&quot;}\" data-widget_type=\"image-gallery.default\">\n\t\t\t\t<div class=\"elementor-widget-container\">\n\t\t\t<style>\/*! elementor - v3.15.0 - 09-08-2023 *\/\n.elementor-image-gallery .gallery-item{display:inline-block;text-align:center;vertical-align:top;width:100%;max-width:100%;margin:0 auto}.elementor-image-gallery .gallery-item img{margin:0 auto}.elementor-image-gallery .gallery-item .gallery-caption{margin:0}.elementor-image-gallery figure img{display:block}.elementor-image-gallery figure figcaption{width:100%}.gallery-spacing-custom .elementor-image-gallery .gallery-icon{padding:0}@media (min-width:768px){.elementor-image-gallery .gallery-columns-2 .gallery-item{max-width:50%}.elementor-image-gallery .gallery-columns-3 .gallery-item{max-width:33.33%}.elementor-image-gallery .gallery-columns-4 .gallery-item{max-width:25%}.elementor-image-gallery .gallery-columns-5 .gallery-item{max-width:20%}.elementor-image-gallery .gallery-columns-6 .gallery-item{max-width:16.666%}.elementor-image-gallery .gallery-columns-7 .gallery-item{max-width:14.28%}.elementor-image-gallery .gallery-columns-8 .gallery-item{max-width:12.5%}.elementor-image-gallery .gallery-columns-9 .gallery-item{max-width:11.11%}.elementor-image-gallery .gallery-columns-10 .gallery-item{max-width:10%}}@media (min-width:480px) and (max-width:767px){.elementor-image-gallery .gallery.gallery-columns-2 .gallery-item,.elementor-image-gallery .gallery.gallery-columns-3 .gallery-item,.elementor-image-gallery .gallery.gallery-columns-4 .gallery-item,.elementor-image-gallery .gallery.gallery-columns-5 .gallery-item,.elementor-image-gallery .gallery.gallery-columns-6 .gallery-item,.elementor-image-gallery .gallery.gallery-columns-7 .gallery-item,.elementor-image-gallery .gallery.gallery-columns-8 .gallery-item,.elementor-image-gallery .gallery.gallery-columns-9 .gallery-item,.elementor-image-gallery .gallery.gallery-columns-10 .gallery-item{max-width:50%}}@media (max-width:479px){.elementor-image-gallery .gallery.gallery-columns-2 .gallery-item,.elementor-image-gallery .gallery.gallery-columns-3 .gallery-item,.elementor-image-gallery .gallery.gallery-columns-4 .gallery-item,.elementor-image-gallery .gallery.gallery-columns-5 .gallery-item,.elementor-image-gallery .gallery.gallery-columns-6 .gallery-item,.elementor-image-gallery .gallery.gallery-columns-7 .gallery-item,.elementor-image-gallery .gallery.gallery-columns-8 .gallery-item,.elementor-image-gallery .gallery.gallery-columns-9 .gallery-item,.elementor-image-gallery .gallery.gallery-columns-10 .gallery-item{max-width:100%}}<\/style>\t\t<div class=\"elementor-image-gallery\">\n\t\t\t<div id='gallery-1' class='gallery galleryid-912 gallery-columns-4 gallery-size-large'><figure class='gallery-item'>\n\t\t\t<div class='gallery-icon landscape'>\n\t\t\t\t<a data-elementor-open-lightbox=\"yes\" data-elementor-lightbox-slideshow=\"797bf6f\" data-elementor-lightbox-title=\"Motion picture\" data-e-action-hash=\"#elementor-action%3Aaction%3Dlightbox%26settings%3DeyJpZCI6OTM3LCJ1cmwiOiJodHRwczpcL1wvbHVrYXRpbGluZ2VyLmNvbVwvd3AtY29udGVudFwvdXBsb2Fkc1wvMjAyMVwvMTBcLzEtQmlvc2tvcC5qcGciLCJzbGlkZXNob3ciOiI3OTdiZjZmIn0%3D\" href='https:\/\/lukatilinger.com\/wp-content\/uploads\/2021\/10\/1-Bioskop.jpg'><img loading=\"lazy\" decoding=\"async\" width=\"580\" height=\"400\" src=\"https:\/\/lukatilinger.com\/wp-content\/uploads\/2021\/10\/1-Bioskop-1024x706.jpg\" class=\"attachment-large size-large\" alt=\"\" srcset=\"https:\/\/lukatilinger.com\/wp-content\/uploads\/2021\/10\/1-Bioskop-1024x706.jpg 1024w, https:\/\/lukatilinger.com\/wp-content\/uploads\/2021\/10\/1-Bioskop-300x207.jpg 300w, https:\/\/lukatilinger.com\/wp-content\/uploads\/2021\/10\/1-Bioskop-768x530.jpg 768w, https:\/\/lukatilinger.com\/wp-content\/uploads\/2021\/10\/1-Bioskop-1536x1059.jpg 1536w, https:\/\/lukatilinger.com\/wp-content\/uploads\/2021\/10\/1-Bioskop-18x12.jpg 18w, https:\/\/lukatilinger.com\/wp-content\/uploads\/2021\/10\/1-Bioskop-1200x828.jpg 1200w, https:\/\/lukatilinger.com\/wp-content\/uploads\/2021\/10\/1-Bioskop.jpg 1566w\" sizes=\"auto, (max-width: 580px) 100vw, 580px\" \/><\/a>\n\t\t\t<\/div><\/figure><figure class='gallery-item'>\n\t\t\t<div class='gallery-icon landscape'>\n\t\t\t\t<a data-elementor-open-lightbox=\"yes\" data-elementor-lightbox-slideshow=\"797bf6f\" data-elementor-lightbox-title=\"Nokia tune\" data-e-action-hash=\"#elementor-action%3Aaction%3Dlightbox%26settings%3DeyJpZCI6OTM4LCJ1cmwiOiJodHRwczpcL1wvbHVrYXRpbGluZ2VyLmNvbVwvd3AtY29udGVudFwvdXBsb2Fkc1wvMjAyMVwvMTBcLzItTk9LSUEuanBnIiwic2xpZGVzaG93IjoiNzk3YmY2ZiJ9\" href='https:\/\/lukatilinger.com\/wp-content\/uploads\/2021\/10\/2-NOKIA.jpg'><img loading=\"lazy\" decoding=\"async\" width=\"580\" height=\"400\" src=\"https:\/\/lukatilinger.com\/wp-content\/uploads\/2021\/10\/2-NOKIA-1024x706.jpg\" class=\"attachment-large size-large\" alt=\"\" srcset=\"https:\/\/lukatilinger.com\/wp-content\/uploads\/2021\/10\/2-NOKIA-1024x706.jpg 1024w, https:\/\/lukatilinger.com\/wp-content\/uploads\/2021\/10\/2-NOKIA-300x207.jpg 300w, https:\/\/lukatilinger.com\/wp-content\/uploads\/2021\/10\/2-NOKIA-768x530.jpg 768w, https:\/\/lukatilinger.com\/wp-content\/uploads\/2021\/10\/2-NOKIA-1536x1059.jpg 1536w, https:\/\/lukatilinger.com\/wp-content\/uploads\/2021\/10\/2-NOKIA-18x12.jpg 18w, https:\/\/lukatilinger.com\/wp-content\/uploads\/2021\/10\/2-NOKIA-1200x828.jpg 1200w, https:\/\/lukatilinger.com\/wp-content\/uploads\/2021\/10\/2-NOKIA.jpg 1566w\" sizes=\"auto, (max-width: 580px) 100vw, 580px\" \/><\/a>\n\t\t\t<\/div><\/figure><figure class='gallery-item'>\n\t\t\t<div class='gallery-icon landscape'>\n\t\t\t\t<a data-elementor-open-lightbox=\"yes\" data-elementor-lightbox-slideshow=\"797bf6f\" data-elementor-lightbox-title=\"Shade of winter\" data-e-action-hash=\"#elementor-action%3Aaction%3Dlightbox%26settings%3DeyJpZCI6OTM5LCJ1cmwiOiJodHRwczpcL1wvbHVrYXRpbGluZ2VyLmNvbVwvd3AtY29udGVudFwvdXBsb2Fkc1wvMjAyMVwvMTBcLzMtWmltYS5qcGciLCJzbGlkZXNob3ciOiI3OTdiZjZmIn0%3D\" href='https:\/\/lukatilinger.com\/wp-content\/uploads\/2021\/10\/3-Zima.jpg'><img loading=\"lazy\" decoding=\"async\" width=\"580\" height=\"400\" src=\"https:\/\/lukatilinger.com\/wp-content\/uploads\/2021\/10\/3-Zima-1024x706.jpg\" class=\"attachment-large size-large\" alt=\"\" srcset=\"https:\/\/lukatilinger.com\/wp-content\/uploads\/2021\/10\/3-Zima-1024x706.jpg 1024w, https:\/\/lukatilinger.com\/wp-content\/uploads\/2021\/10\/3-Zima-300x207.jpg 300w, https:\/\/lukatilinger.com\/wp-content\/uploads\/2021\/10\/3-Zima-768x530.jpg 768w, https:\/\/lukatilinger.com\/wp-content\/uploads\/2021\/10\/3-Zima-1536x1059.jpg 1536w, https:\/\/lukatilinger.com\/wp-content\/uploads\/2021\/10\/3-Zima-18x12.jpg 18w, https:\/\/lukatilinger.com\/wp-content\/uploads\/2021\/10\/3-Zima-1200x828.jpg 1200w, https:\/\/lukatilinger.com\/wp-content\/uploads\/2021\/10\/3-Zima.jpg 1566w\" sizes=\"auto, (max-width: 580px) 100vw, 580px\" \/><\/a>\n\t\t\t<\/div><\/figure><figure class='gallery-item'>\n\t\t\t<div class='gallery-icon landscape'>\n\t\t\t\t<a data-elementor-open-lightbox=\"yes\" data-elementor-lightbox-slideshow=\"797bf6f\" data-elementor-lightbox-title=\"Bloom\" data-e-action-hash=\"#elementor-action%3Aaction%3Dlightbox%26settings%3DeyJpZCI6OTQwLCJ1cmwiOiJodHRwczpcL1wvbHVrYXRpbGluZ2VyLmNvbVwvd3AtY29udGVudFwvdXBsb2Fkc1wvMjAyMVwvMTBcLzQtQ3ZlY2UuanBnIiwic2xpZGVzaG93IjoiNzk3YmY2ZiJ9\" href='https:\/\/lukatilinger.com\/wp-content\/uploads\/2021\/10\/4-Cvece.jpg'><img loading=\"lazy\" decoding=\"async\" width=\"580\" height=\"400\" src=\"https:\/\/lukatilinger.com\/wp-content\/uploads\/2021\/10\/4-Cvece-1024x706.jpg\" class=\"attachment-large size-large\" alt=\"\" srcset=\"https:\/\/lukatilinger.com\/wp-content\/uploads\/2021\/10\/4-Cvece-1024x706.jpg 1024w, https:\/\/lukatilinger.com\/wp-content\/uploads\/2021\/10\/4-Cvece-300x207.jpg 300w, https:\/\/lukatilinger.com\/wp-content\/uploads\/2021\/10\/4-Cvece-768x530.jpg 768w, https:\/\/lukatilinger.com\/wp-content\/uploads\/2021\/10\/4-Cvece-1536x1059.jpg 1536w, https:\/\/lukatilinger.com\/wp-content\/uploads\/2021\/10\/4-Cvece-18x12.jpg 18w, https:\/\/lukatilinger.com\/wp-content\/uploads\/2021\/10\/4-Cvece-1200x828.jpg 1200w, https:\/\/lukatilinger.com\/wp-content\/uploads\/2021\/10\/4-Cvece.jpg 1566w\" sizes=\"auto, (max-width: 580px) 100vw, 580px\" \/><\/a>\n\t\t\t<\/div><\/figure><figure class='gallery-item'>\n\t\t\t<div class='gallery-icon landscape'>\n\t\t\t\t<a data-elementor-open-lightbox=\"yes\" data-elementor-lightbox-slideshow=\"797bf6f\" data-elementor-lightbox-title=\"Watermelons\" data-e-action-hash=\"#elementor-action%3Aaction%3Dlightbox%26settings%3DeyJpZCI6OTQyLCJ1cmwiOiJodHRwczpcL1wvbHVrYXRpbGluZ2VyLmNvbVwvd3AtY29udGVudFwvdXBsb2Fkc1wvMjAyMVwvMTBcLzYtTHViZW5pY2EuanBnIiwic2xpZGVzaG93IjoiNzk3YmY2ZiJ9\" href='https:\/\/lukatilinger.com\/wp-content\/uploads\/2021\/10\/6-Lubenica.jpg'><img loading=\"lazy\" decoding=\"async\" width=\"580\" height=\"400\" src=\"https:\/\/lukatilinger.com\/wp-content\/uploads\/2021\/10\/6-Lubenica-1024x706.jpg\" class=\"attachment-large size-large\" alt=\"\" srcset=\"https:\/\/lukatilinger.com\/wp-content\/uploads\/2021\/10\/6-Lubenica-1024x706.jpg 1024w, https:\/\/lukatilinger.com\/wp-content\/uploads\/2021\/10\/6-Lubenica-300x207.jpg 300w, https:\/\/lukatilinger.com\/wp-content\/uploads\/2021\/10\/6-Lubenica-768x530.jpg 768w, https:\/\/lukatilinger.com\/wp-content\/uploads\/2021\/10\/6-Lubenica-1536x1059.jpg 1536w, https:\/\/lukatilinger.com\/wp-content\/uploads\/2021\/10\/6-Lubenica-18x12.jpg 18w, https:\/\/lukatilinger.com\/wp-content\/uploads\/2021\/10\/6-Lubenica-1200x828.jpg 1200w, https:\/\/lukatilinger.com\/wp-content\/uploads\/2021\/10\/6-Lubenica.jpg 1566w\" sizes=\"auto, (max-width: 580px) 100vw, 580px\" \/><\/a>\n\t\t\t<\/div><\/figure><figure class='gallery-item'>\n\t\t\t<div class='gallery-icon landscape'>\n\t\t\t\t<a data-elementor-open-lightbox=\"yes\" data-elementor-lightbox-slideshow=\"797bf6f\" data-elementor-lightbox-title=\"Flutter\" data-e-action-hash=\"#elementor-action%3Aaction%3Dlightbox%26settings%3DeyJpZCI6OTQzLCJ1cmwiOiJodHRwczpcL1wvbHVrYXRpbGluZ2VyLmNvbVwvd3AtY29udGVudFwvdXBsb2Fkc1wvMjAyMVwvMTBcLzctUHRpY2UuanBnIiwic2xpZGVzaG93IjoiNzk3YmY2ZiJ9\" href='https:\/\/lukatilinger.com\/wp-content\/uploads\/2021\/10\/7-Ptice.jpg'><img loading=\"lazy\" decoding=\"async\" width=\"580\" height=\"400\" src=\"https:\/\/lukatilinger.com\/wp-content\/uploads\/2021\/10\/7-Ptice-1024x706.jpg\" class=\"attachment-large size-large\" alt=\"\" srcset=\"https:\/\/lukatilinger.com\/wp-content\/uploads\/2021\/10\/7-Ptice-1024x706.jpg 1024w, https:\/\/lukatilinger.com\/wp-content\/uploads\/2021\/10\/7-Ptice-300x207.jpg 300w, https:\/\/lukatilinger.com\/wp-content\/uploads\/2021\/10\/7-Ptice-768x530.jpg 768w, https:\/\/lukatilinger.com\/wp-content\/uploads\/2021\/10\/7-Ptice-1536x1059.jpg 1536w, https:\/\/lukatilinger.com\/wp-content\/uploads\/2021\/10\/7-Ptice-18x12.jpg 18w, https:\/\/lukatilinger.com\/wp-content\/uploads\/2021\/10\/7-Ptice-1200x828.jpg 1200w, https:\/\/lukatilinger.com\/wp-content\/uploads\/2021\/10\/7-Ptice.jpg 1566w\" sizes=\"auto, (max-width: 580px) 100vw, 580px\" \/><\/a>\n\t\t\t<\/div><\/figure><figure class='gallery-item'>\n\t\t\t<div class='gallery-icon landscape'>\n\t\t\t\t<a data-elementor-open-lightbox=\"yes\" data-elementor-lightbox-slideshow=\"797bf6f\" data-elementor-lightbox-title=\"Daisy, Daisy\" data-e-action-hash=\"#elementor-action%3Aaction%3Dlightbox%26settings%3DeyJpZCI6OTI4LCJ1cmwiOiJodHRwczpcL1wvbHVrYXRpbGluZ2VyLmNvbVwvd3AtY29udGVudFwvdXBsb2Fkc1wvMjAyMVwvMTBcLzEwLVRyYXRpbmNpY2EuanBnIiwic2xpZGVzaG93IjoiNzk3YmY2ZiJ9\" href='https:\/\/lukatilinger.com\/wp-content\/uploads\/2021\/10\/10-Tratincica.jpg'><img loading=\"lazy\" decoding=\"async\" width=\"580\" height=\"400\" src=\"https:\/\/lukatilinger.com\/wp-content\/uploads\/2021\/10\/10-Tratincica-1024x706.jpg\" class=\"attachment-large size-large\" alt=\"\" srcset=\"https:\/\/lukatilinger.com\/wp-content\/uploads\/2021\/10\/10-Tratincica-1024x706.jpg 1024w, https:\/\/lukatilinger.com\/wp-content\/uploads\/2021\/10\/10-Tratincica-300x207.jpg 300w, https:\/\/lukatilinger.com\/wp-content\/uploads\/2021\/10\/10-Tratincica-768x530.jpg 768w, https:\/\/lukatilinger.com\/wp-content\/uploads\/2021\/10\/10-Tratincica-1536x1059.jpg 1536w, https:\/\/lukatilinger.com\/wp-content\/uploads\/2021\/10\/10-Tratincica-18x12.jpg 18w, https:\/\/lukatilinger.com\/wp-content\/uploads\/2021\/10\/10-Tratincica-1200x828.jpg 1200w, https:\/\/lukatilinger.com\/wp-content\/uploads\/2021\/10\/10-Tratincica.jpg 1566w\" sizes=\"auto, (max-width: 580px) 100vw, 580px\" \/><\/a>\n\t\t\t<\/div><\/figure><figure class='gallery-item'>\n\t\t\t<div class='gallery-icon landscape'>\n\t\t\t\t<a data-elementor-open-lightbox=\"yes\" data-elementor-lightbox-slideshow=\"797bf6f\" data-elementor-lightbox-title=\"The night\" data-e-action-hash=\"#elementor-action%3Aaction%3Dlightbox%26settings%3DeyJpZCI6OTI5LCJ1cmwiOiJodHRwczpcL1wvbHVrYXRpbGluZ2VyLmNvbVwvd3AtY29udGVudFwvdXBsb2Fkc1wvMjAyMVwvMTBcLzExLU5vYy5qcGciLCJzbGlkZXNob3ciOiI3OTdiZjZmIn0%3D\" href='https:\/\/lukatilinger.com\/wp-content\/uploads\/2021\/10\/11-Noc.jpg'><img loading=\"lazy\" decoding=\"async\" width=\"580\" height=\"400\" src=\"https:\/\/lukatilinger.com\/wp-content\/uploads\/2021\/10\/11-Noc-1024x706.jpg\" class=\"attachment-large size-large\" alt=\"\" srcset=\"https:\/\/lukatilinger.com\/wp-content\/uploads\/2021\/10\/11-Noc-1024x706.jpg 1024w, https:\/\/lukatilinger.com\/wp-content\/uploads\/2021\/10\/11-Noc-300x207.jpg 300w, https:\/\/lukatilinger.com\/wp-content\/uploads\/2021\/10\/11-Noc-768x530.jpg 768w, https:\/\/lukatilinger.com\/wp-content\/uploads\/2021\/10\/11-Noc-1536x1059.jpg 1536w, https:\/\/lukatilinger.com\/wp-content\/uploads\/2021\/10\/11-Noc-18x12.jpg 18w, https:\/\/lukatilinger.com\/wp-content\/uploads\/2021\/10\/11-Noc-1200x828.jpg 1200w, https:\/\/lukatilinger.com\/wp-content\/uploads\/2021\/10\/11-Noc.jpg 1566w\" sizes=\"auto, (max-width: 580px) 100vw, 580px\" \/><\/a>\n\t\t\t<\/div><\/figure><figure class='gallery-item'>\n\t\t\t<div class='gallery-icon landscape'>\n\t\t\t\t<a data-elementor-open-lightbox=\"yes\" data-elementor-lightbox-slideshow=\"797bf6f\" data-elementor-lightbox-title=\"Fields\" data-e-action-hash=\"#elementor-action%3Aaction%3Dlightbox%26settings%3DeyJpZCI6OTMxLCJ1cmwiOiJodHRwczpcL1wvbHVrYXRpbGluZ2VyLmNvbVwvd3AtY29udGVudFwvdXBsb2Fkc1wvMjAyMVwvMTBcLzEzLU5qaXZpY2UuanBnIiwic2xpZGVzaG93IjoiNzk3YmY2ZiJ9\" href='https:\/\/lukatilinger.com\/wp-content\/uploads\/2021\/10\/13-Njivice.jpg'><img loading=\"lazy\" decoding=\"async\" width=\"580\" height=\"400\" src=\"https:\/\/lukatilinger.com\/wp-content\/uploads\/2021\/10\/13-Njivice-1024x706.jpg\" class=\"attachment-large size-large\" alt=\"\" srcset=\"https:\/\/lukatilinger.com\/wp-content\/uploads\/2021\/10\/13-Njivice-1024x706.jpg 1024w, https:\/\/lukatilinger.com\/wp-content\/uploads\/2021\/10\/13-Njivice-300x207.jpg 300w, https:\/\/lukatilinger.com\/wp-content\/uploads\/2021\/10\/13-Njivice-768x530.jpg 768w, https:\/\/lukatilinger.com\/wp-content\/uploads\/2021\/10\/13-Njivice-1536x1059.jpg 1536w, https:\/\/lukatilinger.com\/wp-content\/uploads\/2021\/10\/13-Njivice-18x12.jpg 18w, https:\/\/lukatilinger.com\/wp-content\/uploads\/2021\/10\/13-Njivice-1200x828.jpg 1200w, https:\/\/lukatilinger.com\/wp-content\/uploads\/2021\/10\/13-Njivice.jpg 1566w\" sizes=\"auto, (max-width: 580px) 100vw, 580px\" \/><\/a>\n\t\t\t<\/div><\/figure><figure class='gallery-item'>\n\t\t\t<div class='gallery-icon landscape'>\n\t\t\t\t<a data-elementor-open-lightbox=\"yes\" data-elementor-lightbox-slideshow=\"797bf6f\" data-elementor-lightbox-title=\"Binocular\" data-e-action-hash=\"#elementor-action%3Aaction%3Dlightbox%26settings%3DeyJpZCI6OTMzLCJ1cmwiOiJodHRwczpcL1wvbHVrYXRpbGluZ2VyLmNvbVwvd3AtY29udGVudFwvdXBsb2Fkc1wvMjAyMVwvMTBcLzE1LUdsZWRhanUuanBnIiwic2xpZGVzaG93IjoiNzk3YmY2ZiJ9\" href='https:\/\/lukatilinger.com\/wp-content\/uploads\/2021\/10\/15-Gledaju.jpg'><img loading=\"lazy\" decoding=\"async\" width=\"580\" height=\"400\" src=\"https:\/\/lukatilinger.com\/wp-content\/uploads\/2021\/10\/15-Gledaju-1024x706.jpg\" class=\"attachment-large size-large\" alt=\"\" srcset=\"https:\/\/lukatilinger.com\/wp-content\/uploads\/2021\/10\/15-Gledaju-1024x706.jpg 1024w, https:\/\/lukatilinger.com\/wp-content\/uploads\/2021\/10\/15-Gledaju-300x207.jpg 300w, https:\/\/lukatilinger.com\/wp-content\/uploads\/2021\/10\/15-Gledaju-768x530.jpg 768w, https:\/\/lukatilinger.com\/wp-content\/uploads\/2021\/10\/15-Gledaju-1536x1059.jpg 1536w, https:\/\/lukatilinger.com\/wp-content\/uploads\/2021\/10\/15-Gledaju-18x12.jpg 18w, https:\/\/lukatilinger.com\/wp-content\/uploads\/2021\/10\/15-Gledaju-1200x828.jpg 1200w, https:\/\/lukatilinger.com\/wp-content\/uploads\/2021\/10\/15-Gledaju.jpg 1566w\" sizes=\"auto, (max-width: 580px) 100vw, 580px\" \/><\/a>\n\t\t\t<\/div><\/figure><figure class='gallery-item'>\n\t\t\t<div class='gallery-icon landscape'>\n\t\t\t\t<a data-elementor-open-lightbox=\"yes\" data-elementor-lightbox-slideshow=\"797bf6f\" data-elementor-lightbox-title=\"- But, how will we get out of the forest?\" data-e-action-hash=\"#elementor-action%3Aaction%3Dlightbox%26settings%3DeyJpZCI6OTM1LCJ1cmwiOiJodHRwczpcL1wvbHVrYXRpbGluZ2VyLmNvbVwvd3AtY29udGVudFwvdXBsb2Fkc1wvMjAyMVwvMTBcLzE3LU9kbGF6YWsuanBnIiwic2xpZGVzaG93IjoiNzk3YmY2ZiJ9\" href='https:\/\/lukatilinger.com\/wp-content\/uploads\/2021\/10\/17-Odlazak.jpg'><img loading=\"lazy\" decoding=\"async\" width=\"580\" height=\"400\" src=\"https:\/\/lukatilinger.com\/wp-content\/uploads\/2021\/10\/17-Odlazak-1024x706.jpg\" class=\"attachment-large size-large\" alt=\"\" srcset=\"https:\/\/lukatilinger.com\/wp-content\/uploads\/2021\/10\/17-Odlazak-1024x706.jpg 1024w, https:\/\/lukatilinger.com\/wp-content\/uploads\/2021\/10\/17-Odlazak-300x207.jpg 300w, https:\/\/lukatilinger.com\/wp-content\/uploads\/2021\/10\/17-Odlazak-768x530.jpg 768w, https:\/\/lukatilinger.com\/wp-content\/uploads\/2021\/10\/17-Odlazak-1536x1059.jpg 1536w, https:\/\/lukatilinger.com\/wp-content\/uploads\/2021\/10\/17-Odlazak-18x12.jpg 18w, https:\/\/lukatilinger.com\/wp-content\/uploads\/2021\/10\/17-Odlazak-1200x828.jpg 1200w, https:\/\/lukatilinger.com\/wp-content\/uploads\/2021\/10\/17-Odlazak.jpg 1566w\" sizes=\"auto, (max-width: 580px) 100vw, 580px\" \/><\/a>\n\t\t\t<\/div><\/figure><figure class='gallery-item'>\n\t\t\t<div class='gallery-icon landscape'>\n\t\t\t\t<a data-elementor-open-lightbox=\"yes\" data-elementor-lightbox-slideshow=\"797bf6f\" data-elementor-lightbox-title=\"- And you? How do you follow?\" data-e-action-hash=\"#elementor-action%3Aaction%3Dlightbox%26settings%3DeyJpZCI6OTM2LCJ1cmwiOiJodHRwczpcL1wvbHVrYXRpbGluZ2VyLmNvbVwvd3AtY29udGVudFwvdXBsb2Fkc1wvMjAyMVwvMTBcLzE4LUtyYWouanBnIiwic2xpZGVzaG93IjoiNzk3YmY2ZiJ9\" href='https:\/\/lukatilinger.com\/wp-content\/uploads\/2021\/10\/18-Kraj.jpg'><img loading=\"lazy\" decoding=\"async\" width=\"580\" height=\"400\" src=\"https:\/\/lukatilinger.com\/wp-content\/uploads\/2021\/10\/18-Kraj-1024x706.jpg\" class=\"attachment-large size-large\" alt=\"\" srcset=\"https:\/\/lukatilinger.com\/wp-content\/uploads\/2021\/10\/18-Kraj-1024x706.jpg 1024w, https:\/\/lukatilinger.com\/wp-content\/uploads\/2021\/10\/18-Kraj-300x207.jpg 300w, https:\/\/lukatilinger.com\/wp-content\/uploads\/2021\/10\/18-Kraj-768x530.jpg 768w, https:\/\/lukatilinger.com\/wp-content\/uploads\/2021\/10\/18-Kraj-1536x1059.jpg 1536w, https:\/\/lukatilinger.com\/wp-content\/uploads\/2021\/10\/18-Kraj-18x12.jpg 18w, https:\/\/lukatilinger.com\/wp-content\/uploads\/2021\/10\/18-Kraj-1200x828.jpg 1200w, https:\/\/lukatilinger.com\/wp-content\/uploads\/2021\/10\/18-Kraj.jpg 1566w\" sizes=\"auto, (max-width: 580px) 100vw, 580px\" \/><\/a>\n\t\t\t<\/div><\/figure>\n\t\t<\/div>\n\t\t<\/div>\n\t\t\t\t<\/div>\n\t\t\t\t<\/div>\n\t\t\t\t\t<\/div>\n\t\t<\/div>\n\t\t\t\t\t\t\t<\/div>\n\t\t<\/section>\n\t\t\t\t\t\t\t<\/div>\n\t\t","protected":false},"excerpt":{"rendered":"<p>\u0160AZBUKA &#8211; Rade Tanasijevi\u0107 (2021, Slu\u017ebeni glasnik) The fourth book in &#8220;AlphaBetical Order&#8221; collection. Old keeper of the forest and his niece explore the woods, collecting herbs and stories in thirty lyrical\u00a0chapters\u2026 Editor: Vladislava Vojnovi\u0107<\/p>\n","protected":false},"author":1,"featured_media":0,"parent":0,"menu_order":0,"comment_status":"closed","ping_status":"closed","template":"templates\/template-full-width.php","meta":{"_monsterinsights_skip_tracking":false,"_monsterinsights_sitenote_active":false,"_monsterinsights_sitenote_note":"","_monsterinsights_sitenote_category":0,"footnotes":""},"class_list":["post-912","page","type-page","status-publish","hentry"],"_links":{"self":[{"href":"https:\/\/lukatilinger.com\/index.php\/wp-json\/wp\/v2\/pages\/912","targetHints":{"allow":["GET"]}}],"collection":[{"href":"https:\/\/lukatilinger.com\/index.php\/wp-json\/wp\/v2\/pages"}],"about":[{"href":"https:\/\/lukatilinger.com\/index.php\/wp-json\/wp\/v2\/types\/page"}],"author":[{"embeddable":true,"href":"https:\/\/lukatilinger.com\/index.php\/wp-json\/wp\/v2\/users\/1"}],"replies":[{"embeddable":true,"href":"https:\/\/lukatilinger.com\/index.php\/wp-json\/wp\/v2\/comments?post=912"}],"version-history":[{"count":33,"href":"https:\/\/lukatilinger.com\/index.php\/wp-json\/wp\/v2\/pages\/912\/revisions"}],"predecessor-version":[{"id":1248,"href":"https:\/\/lukatilinger.com\/index.php\/wp-json\/wp\/v2\/pages\/912\/revisions\/1248"}],"wp:attachment":[{"href":"https:\/\/lukatilinger.com\/index.php\/wp-json\/wp\/v2\/media?parent=912"}],"curies":[{"name":"wp","href":"https:\/\/api.w.org\/{rel}","templated":true}]}}