{"id":1124,"date":"2021-10-23T13:40:04","date_gmt":"2021-10-23T13:40:04","guid":{"rendered":"https:\/\/lukatilinger.com\/?page_id=1124"},"modified":"2023-01-13T08:40:23","modified_gmt":"2023-01-13T08:40:23","slug":"ispod-krova-nad-glavom","status":"publish","type":"page","link":"https:\/\/lukatilinger.com\/index.php\/ispod-krova-nad-glavom\/","title":{"rendered":"Ispod krova nad glavom"},"content":{"rendered":"\t\t<div data-elementor-type=\"wp-page\" data-elementor-id=\"1124\" class=\"elementor elementor-1124\">\n\t\t\t\t\t\t\t\t\t<section class=\"elementor-section elementor-top-section elementor-element elementor-element-626bbd2 elementor-section-boxed elementor-section-height-default elementor-section-height-default\" data-id=\"626bbd2\" data-element_type=\"section\">\n\t\t\t\t\t\t<div class=\"elementor-container elementor-column-gap-default\">\n\t\t\t\t\t<div class=\"elementor-column elementor-col-50 elementor-top-column elementor-element elementor-element-a465acf\" data-id=\"a465acf\" data-element_type=\"column\">\n\t\t\t<div class=\"elementor-widget-wrap elementor-element-populated\">\n\t\t\t\t\t\t\t\t<div class=\"elementor-element elementor-element-447cd90 elementor-widget elementor-widget-image\" data-id=\"447cd90\" data-element_type=\"widget\" data-widget_type=\"image.default\">\n\t\t\t\t<div class=\"elementor-widget-container\">\n\t\t\t<style>\/*! elementor - v3.15.0 - 09-08-2023 *\/\n.elementor-widget-image{text-align:center}.elementor-widget-image a{display:inline-block}.elementor-widget-image a img[src$=\".svg\"]{width:48px}.elementor-widget-image img{vertical-align:middle;display:inline-block}<\/style>\t\t\t\t\t\t\t\t\t\t\t\t<img loading=\"lazy\" decoding=\"async\" width=\"1080\" height=\"1490\" src=\"https:\/\/lukatilinger.com\/wp-content\/uploads\/2023\/01\/IspodKrova_Korica.jpg\" class=\"attachment-full size-full wp-image-1661\" alt=\"\" srcset=\"https:\/\/lukatilinger.com\/wp-content\/uploads\/2023\/01\/IspodKrova_Korica.jpg 1080w, https:\/\/lukatilinger.com\/wp-content\/uploads\/2023\/01\/IspodKrova_Korica-217x300.jpg 217w, https:\/\/lukatilinger.com\/wp-content\/uploads\/2023\/01\/IspodKrova_Korica-742x1024.jpg 742w, https:\/\/lukatilinger.com\/wp-content\/uploads\/2023\/01\/IspodKrova_Korica-768x1060.jpg 768w, https:\/\/lukatilinger.com\/wp-content\/uploads\/2023\/01\/IspodKrova_Korica-9x12.jpg 9w\" sizes=\"auto, (max-width: 1080px) 100vw, 1080px\" \/>\t\t\t\t\t\t\t\t\t\t\t\t\t\t\t<\/div>\n\t\t\t\t<\/div>\n\t\t\t\t\t<\/div>\n\t\t<\/div>\n\t\t\t\t<div class=\"elementor-column elementor-col-50 elementor-top-column elementor-element elementor-element-07f2f25\" data-id=\"07f2f25\" data-element_type=\"column\">\n\t\t\t<div class=\"elementor-widget-wrap elementor-element-populated\">\n\t\t\t\t\t\t\t\t<div class=\"elementor-element elementor-element-a51608a elementor-widget elementor-widget-image\" data-id=\"a51608a\" data-element_type=\"widget\" data-widget_type=\"image.default\">\n\t\t\t\t<div class=\"elementor-widget-container\">\n\t\t\t\t\t\t\t\t\t\t\t\t\t\t\t<img loading=\"lazy\" decoding=\"async\" width=\"823\" height=\"600\" src=\"https:\/\/lukatilinger.com\/wp-content\/uploads\/2021\/10\/15_Dvoriste-1.jpg\" class=\"attachment-full size-full wp-image-1144\" alt=\"\" srcset=\"https:\/\/lukatilinger.com\/wp-content\/uploads\/2021\/10\/15_Dvoriste-1.jpg 823w, https:\/\/lukatilinger.com\/wp-content\/uploads\/2021\/10\/15_Dvoriste-1-300x219.jpg 300w, https:\/\/lukatilinger.com\/wp-content\/uploads\/2021\/10\/15_Dvoriste-1-768x560.jpg 768w, https:\/\/lukatilinger.com\/wp-content\/uploads\/2021\/10\/15_Dvoriste-1-16x12.jpg 16w\" sizes=\"auto, (max-width: 823px) 100vw, 823px\" \/>\t\t\t\t\t\t\t\t\t\t\t\t\t\t\t<\/div>\n\t\t\t\t<\/div>\n\t\t\t\t<div class=\"elementor-element elementor-element-58cc2c1 elementor-widget elementor-widget-text-editor\" data-id=\"58cc2c1\" data-element_type=\"widget\" data-widget_type=\"text-editor.default\">\n\t\t\t\t<div class=\"elementor-widget-container\">\n\t\t\t<style>\/*! elementor - v3.15.0 - 09-08-2023 *\/\n.elementor-widget-text-editor.elementor-drop-cap-view-stacked .elementor-drop-cap{background-color:#69727d;color:#fff}.elementor-widget-text-editor.elementor-drop-cap-view-framed .elementor-drop-cap{color:#69727d;border:3px solid;background-color:transparent}.elementor-widget-text-editor:not(.elementor-drop-cap-view-default) .elementor-drop-cap{margin-top:8px}.elementor-widget-text-editor:not(.elementor-drop-cap-view-default) .elementor-drop-cap-letter{width:1em;height:1em}.elementor-widget-text-editor .elementor-drop-cap{float:left;text-align:center;line-height:1;font-size:50px}.elementor-widget-text-editor .elementor-drop-cap-letter{display:inline-block}<\/style>\t\t\t\t<p><strong>Ispod krova nad glavom<\/strong> &#8211; Dragan \u017d. Babi\u0107 (2018, RTS izdava\u0161tvo)<\/p><p><span style=\"font-size: inherit; text-align: inherit; color: var( --e-global-color-text );\">Stars are up above, planet is down below, roof is over your head, you are under the roof. It is a serious matter, requiring explanation. And here they are\u2026<\/span><\/p><p><span style=\"font-size: inherit; text-align: inherit; color: var( --e-global-color-text );\">Editor: Dragan In\u0111i\u0107<\/span><\/p>\t\t\t\t\t\t<\/div>\n\t\t\t\t<\/div>\n\t\t\t\t\t<\/div>\n\t\t<\/div>\n\t\t\t\t\t\t\t<\/div>\n\t\t<\/section>\n\t\t\t\t<section class=\"elementor-section elementor-top-section elementor-element elementor-element-a461a2e elementor-section-boxed elementor-section-height-default elementor-section-height-default\" data-id=\"a461a2e\" data-element_type=\"section\">\n\t\t\t\t\t\t<div class=\"elementor-container elementor-column-gap-default\">\n\t\t\t\t\t<div class=\"elementor-column elementor-col-100 elementor-top-column elementor-element elementor-element-7124ac2\" data-id=\"7124ac2\" data-element_type=\"column\">\n\t\t\t<div class=\"elementor-widget-wrap elementor-element-populated\">\n\t\t\t\t\t\t\t\t<div class=\"elementor-element elementor-element-797bf6f gallery-spacing-custom elementor-widget elementor-widget-image-gallery\" data-id=\"797bf6f\" data-element_type=\"widget\" data-settings=\"{&quot;_animation&quot;:&quot;none&quot;}\" data-widget_type=\"image-gallery.default\">\n\t\t\t\t<div class=\"elementor-widget-container\">\n\t\t\t<style>\/*! elementor - v3.15.0 - 09-08-2023 *\/\n.elementor-image-gallery .gallery-item{display:inline-block;text-align:center;vertical-align:top;width:100%;max-width:100%;margin:0 auto}.elementor-image-gallery .gallery-item img{margin:0 auto}.elementor-image-gallery .gallery-item .gallery-caption{margin:0}.elementor-image-gallery figure img{display:block}.elementor-image-gallery figure figcaption{width:100%}.gallery-spacing-custom .elementor-image-gallery .gallery-icon{padding:0}@media (min-width:768px){.elementor-image-gallery .gallery-columns-2 .gallery-item{max-width:50%}.elementor-image-gallery .gallery-columns-3 .gallery-item{max-width:33.33%}.elementor-image-gallery .gallery-columns-4 .gallery-item{max-width:25%}.elementor-image-gallery .gallery-columns-5 .gallery-item{max-width:20%}.elementor-image-gallery .gallery-columns-6 .gallery-item{max-width:16.666%}.elementor-image-gallery .gallery-columns-7 .gallery-item{max-width:14.28%}.elementor-image-gallery .gallery-columns-8 .gallery-item{max-width:12.5%}.elementor-image-gallery .gallery-columns-9 .gallery-item{max-width:11.11%}.elementor-image-gallery .gallery-columns-10 .gallery-item{max-width:10%}}@media (min-width:480px) and (max-width:767px){.elementor-image-gallery .gallery.gallery-columns-2 .gallery-item,.elementor-image-gallery .gallery.gallery-columns-3 .gallery-item,.elementor-image-gallery .gallery.gallery-columns-4 .gallery-item,.elementor-image-gallery .gallery.gallery-columns-5 .gallery-item,.elementor-image-gallery .gallery.gallery-columns-6 .gallery-item,.elementor-image-gallery .gallery.gallery-columns-7 .gallery-item,.elementor-image-gallery .gallery.gallery-columns-8 .gallery-item,.elementor-image-gallery .gallery.gallery-columns-9 .gallery-item,.elementor-image-gallery .gallery.gallery-columns-10 .gallery-item{max-width:50%}}@media (max-width:479px){.elementor-image-gallery .gallery.gallery-columns-2 .gallery-item,.elementor-image-gallery .gallery.gallery-columns-3 .gallery-item,.elementor-image-gallery .gallery.gallery-columns-4 .gallery-item,.elementor-image-gallery .gallery.gallery-columns-5 .gallery-item,.elementor-image-gallery .gallery.gallery-columns-6 .gallery-item,.elementor-image-gallery .gallery.gallery-columns-7 .gallery-item,.elementor-image-gallery .gallery.gallery-columns-8 .gallery-item,.elementor-image-gallery .gallery.gallery-columns-9 .gallery-item,.elementor-image-gallery .gallery.gallery-columns-10 .gallery-item{max-width:100%}}<\/style>\t\t<div class=\"elementor-image-gallery\">\n\t\t\t<div id='gallery-1' class='gallery galleryid-1124 gallery-columns-4 gallery-size-large'><figure class='gallery-item'>\n\t\t\t<div class='gallery-icon landscape'>\n\t\t\t\t<a data-elementor-open-lightbox=\"yes\" data-elementor-lightbox-slideshow=\"797bf6f\" data-elementor-lightbox-title=\"House of cards\" data-e-action-hash=\"#elementor-action%3Aaction%3Dlightbox%26settings%3DeyJpZCI6MTE0NSwidXJsIjoiaHR0cHM6XC9cL2x1a2F0aWxpbmdlci5jb21cL3dwLWNvbnRlbnRcL3VwbG9hZHNcLzIwMjFcLzEwXC8wMF9LdWNhLTEuanBnIiwic2xpZGVzaG93IjoiNzk3YmY2ZiJ9\" href='https:\/\/lukatilinger.com\/wp-content\/uploads\/2021\/10\/00_Kuca-1.jpg'><img loading=\"lazy\" decoding=\"async\" width=\"580\" height=\"564\" src=\"https:\/\/lukatilinger.com\/wp-content\/uploads\/2021\/10\/00_Kuca-1.jpg\" class=\"attachment-large size-large\" alt=\"\" srcset=\"https:\/\/lukatilinger.com\/wp-content\/uploads\/2021\/10\/00_Kuca-1.jpg 823w, https:\/\/lukatilinger.com\/wp-content\/uploads\/2021\/10\/00_Kuca-1-300x292.jpg 300w, https:\/\/lukatilinger.com\/wp-content\/uploads\/2021\/10\/00_Kuca-1-768x747.jpg 768w, https:\/\/lukatilinger.com\/wp-content\/uploads\/2021\/10\/00_Kuca-1-12x12.jpg 12w\" sizes=\"auto, (max-width: 580px) 100vw, 580px\" \/><\/a>\n\t\t\t<\/div><\/figure><figure class='gallery-item'>\n\t\t\t<div class='gallery-icon portrait'>\n\t\t\t\t<a data-elementor-open-lightbox=\"yes\" data-elementor-lightbox-slideshow=\"797bf6f\" data-elementor-lightbox-title=\"Point of view\" data-e-action-hash=\"#elementor-action%3Aaction%3Dlightbox%26settings%3DeyJpZCI6MTEzOSwidXJsIjoiaHR0cHM6XC9cL2x1a2F0aWxpbmdlci5jb21cL3dwLWNvbnRlbnRcL3VwbG9hZHNcLzIwMjFcLzEwXC8wMl9Qcm96b3IuanBnIiwic2xpZGVzaG93IjoiNzk3YmY2ZiJ9\" href='https:\/\/lukatilinger.com\/wp-content\/uploads\/2021\/10\/02_Prozor.jpg'><img loading=\"lazy\" decoding=\"async\" width=\"580\" height=\"761\" src=\"https:\/\/lukatilinger.com\/wp-content\/uploads\/2021\/10\/02_Prozor-780x1024.jpg\" class=\"attachment-large size-large\" alt=\"\" srcset=\"https:\/\/lukatilinger.com\/wp-content\/uploads\/2021\/10\/02_Prozor-780x1024.jpg 780w, https:\/\/lukatilinger.com\/wp-content\/uploads\/2021\/10\/02_Prozor-229x300.jpg 229w, https:\/\/lukatilinger.com\/wp-content\/uploads\/2021\/10\/02_Prozor-768x1008.jpg 768w, https:\/\/lukatilinger.com\/wp-content\/uploads\/2021\/10\/02_Prozor-9x12.jpg 9w, https:\/\/lukatilinger.com\/wp-content\/uploads\/2021\/10\/02_Prozor.jpg 823w\" sizes=\"auto, (max-width: 580px) 100vw, 580px\" \/><\/a>\n\t\t\t<\/div><\/figure><figure class='gallery-item'>\n\t\t\t<div class='gallery-icon landscape'>\n\t\t\t\t<a data-elementor-open-lightbox=\"yes\" data-elementor-lightbox-slideshow=\"797bf6f\" data-elementor-lightbox-title=\"Aquarium\" data-e-action-hash=\"#elementor-action%3Aaction%3Dlightbox%26settings%3DeyJpZCI6MTE0MiwidXJsIjoiaHR0cHM6XC9cL2x1a2F0aWxpbmdlci5jb21cL3dwLWNvbnRlbnRcL3VwbG9hZHNcLzIwMjFcLzEwXC8wNV9Ba3ZhcmlqdW0tMS5qcGciLCJzbGlkZXNob3ciOiI3OTdiZjZmIn0%3D\" href='https:\/\/lukatilinger.com\/wp-content\/uploads\/2021\/10\/05_Akvarijum-1.jpg'><img loading=\"lazy\" decoding=\"async\" width=\"580\" height=\"423\" src=\"https:\/\/lukatilinger.com\/wp-content\/uploads\/2021\/10\/05_Akvarijum-1.jpg\" class=\"attachment-large size-large\" alt=\"\" srcset=\"https:\/\/lukatilinger.com\/wp-content\/uploads\/2021\/10\/05_Akvarijum-1.jpg 823w, https:\/\/lukatilinger.com\/wp-content\/uploads\/2021\/10\/05_Akvarijum-1-300x219.jpg 300w, https:\/\/lukatilinger.com\/wp-content\/uploads\/2021\/10\/05_Akvarijum-1-768x560.jpg 768w, https:\/\/lukatilinger.com\/wp-content\/uploads\/2021\/10\/05_Akvarijum-1-16x12.jpg 16w\" sizes=\"auto, (max-width: 580px) 100vw, 580px\" \/><\/a>\n\t\t\t<\/div><\/figure><figure class='gallery-item'>\n\t\t\t<div class='gallery-icon landscape'>\n\t\t\t\t<a data-elementor-open-lightbox=\"yes\" data-elementor-lightbox-slideshow=\"797bf6f\" data-elementor-lightbox-title=\"Building\" data-e-action-hash=\"#elementor-action%3Aaction%3Dlightbox%26settings%3DeyJpZCI6MTE0NiwidXJsIjoiaHR0cHM6XC9cL2x1a2F0aWxpbmdlci5jb21cL3dwLWNvbnRlbnRcL3VwbG9hZHNcLzIwMjFcLzEwXC8wMV9TdGFuLTEuanBnIiwic2xpZGVzaG93IjoiNzk3YmY2ZiJ9\" href='https:\/\/lukatilinger.com\/wp-content\/uploads\/2021\/10\/01_Stan-1.jpg'><img loading=\"lazy\" decoding=\"async\" width=\"580\" height=\"564\" src=\"https:\/\/lukatilinger.com\/wp-content\/uploads\/2021\/10\/01_Stan-1.jpg\" class=\"attachment-large size-large\" alt=\"\" srcset=\"https:\/\/lukatilinger.com\/wp-content\/uploads\/2021\/10\/01_Stan-1.jpg 823w, https:\/\/lukatilinger.com\/wp-content\/uploads\/2021\/10\/01_Stan-1-300x292.jpg 300w, https:\/\/lukatilinger.com\/wp-content\/uploads\/2021\/10\/01_Stan-1-768x747.jpg 768w, https:\/\/lukatilinger.com\/wp-content\/uploads\/2021\/10\/01_Stan-1-12x12.jpg 12w\" sizes=\"auto, (max-width: 580px) 100vw, 580px\" \/><\/a>\n\t\t\t<\/div><\/figure><figure class='gallery-item'>\n\t\t\t<div class='gallery-icon portrait'>\n\t\t\t\t<a data-elementor-open-lightbox=\"yes\" data-elementor-lightbox-slideshow=\"797bf6f\" data-elementor-lightbox-title=\"Order\" data-e-action-hash=\"#elementor-action%3Aaction%3Dlightbox%26settings%3DeyJpZCI6MTEzMiwidXJsIjoiaHR0cHM6XC9cL2x1a2F0aWxpbmdlci5jb21cL3dwLWNvbnRlbnRcL3VwbG9hZHNcLzIwMjFcLzEwXC8xMF9Tb2JlLmpwZyIsInNsaWRlc2hvdyI6Ijc5N2JmNmYifQ%3D%3D\" href='https:\/\/lukatilinger.com\/wp-content\/uploads\/2021\/10\/10_Sobe.jpg'><img loading=\"lazy\" decoding=\"async\" width=\"580\" height=\"761\" src=\"https:\/\/lukatilinger.com\/wp-content\/uploads\/2021\/10\/10_Sobe-780x1024.jpg\" class=\"attachment-large size-large\" alt=\"\" srcset=\"https:\/\/lukatilinger.com\/wp-content\/uploads\/2021\/10\/10_Sobe-780x1024.jpg 780w, https:\/\/lukatilinger.com\/wp-content\/uploads\/2021\/10\/10_Sobe-229x300.jpg 229w, https:\/\/lukatilinger.com\/wp-content\/uploads\/2021\/10\/10_Sobe-768x1008.jpg 768w, https:\/\/lukatilinger.com\/wp-content\/uploads\/2021\/10\/10_Sobe-9x12.jpg 9w, https:\/\/lukatilinger.com\/wp-content\/uploads\/2021\/10\/10_Sobe.jpg 823w\" sizes=\"auto, (max-width: 580px) 100vw, 580px\" \/><\/a>\n\t\t\t<\/div><\/figure><figure class='gallery-item'>\n\t\t\t<div class='gallery-icon landscape'>\n\t\t\t\t<a data-elementor-open-lightbox=\"yes\" data-elementor-lightbox-slideshow=\"797bf6f\" data-elementor-lightbox-title=\"Power\" data-e-action-hash=\"#elementor-action%3Aaction%3Dlightbox%26settings%3DeyJpZCI6MTE0MywidXJsIjoiaHR0cHM6XC9cL2x1a2F0aWxpbmdlci5jb21cL3dwLWNvbnRlbnRcL3VwbG9hZHNcLzIwMjFcLzEwXC8xMV9TdHJ1amEtMS5qcGciLCJzbGlkZXNob3ciOiI3OTdiZjZmIn0%3D\" href='https:\/\/lukatilinger.com\/wp-content\/uploads\/2021\/10\/11_Struja-1.jpg'><img loading=\"lazy\" decoding=\"async\" width=\"580\" height=\"423\" src=\"https:\/\/lukatilinger.com\/wp-content\/uploads\/2021\/10\/11_Struja-1.jpg\" class=\"attachment-large size-large\" alt=\"\" srcset=\"https:\/\/lukatilinger.com\/wp-content\/uploads\/2021\/10\/11_Struja-1.jpg 823w, https:\/\/lukatilinger.com\/wp-content\/uploads\/2021\/10\/11_Struja-1-300x219.jpg 300w, https:\/\/lukatilinger.com\/wp-content\/uploads\/2021\/10\/11_Struja-1-768x560.jpg 768w, https:\/\/lukatilinger.com\/wp-content\/uploads\/2021\/10\/11_Struja-1-16x12.jpg 16w\" sizes=\"auto, (max-width: 580px) 100vw, 580px\" \/><\/a>\n\t\t\t<\/div><\/figure><figure class='gallery-item'>\n\t\t\t<div class='gallery-icon portrait'>\n\t\t\t\t<a data-elementor-open-lightbox=\"yes\" data-elementor-lightbox-slideshow=\"797bf6f\" data-elementor-lightbox-title=\"Telephone\" data-e-action-hash=\"#elementor-action%3Aaction%3Dlightbox%26settings%3DeyJpZCI6MTEzNCwidXJsIjoiaHR0cHM6XC9cL2x1a2F0aWxpbmdlci5jb21cL3dwLWNvbnRlbnRcL3VwbG9hZHNcLzIwMjFcLzEwXC8xMl9UZWxlZm9uLmpwZyIsInNsaWRlc2hvdyI6Ijc5N2JmNmYifQ%3D%3D\" href='https:\/\/lukatilinger.com\/wp-content\/uploads\/2021\/10\/12_Telefon.jpg'><img loading=\"lazy\" decoding=\"async\" width=\"580\" height=\"761\" src=\"https:\/\/lukatilinger.com\/wp-content\/uploads\/2021\/10\/12_Telefon-780x1024.jpg\" class=\"attachment-large size-large\" alt=\"\" srcset=\"https:\/\/lukatilinger.com\/wp-content\/uploads\/2021\/10\/12_Telefon-780x1024.jpg 780w, https:\/\/lukatilinger.com\/wp-content\/uploads\/2021\/10\/12_Telefon-229x300.jpg 229w, https:\/\/lukatilinger.com\/wp-content\/uploads\/2021\/10\/12_Telefon-768x1008.jpg 768w, https:\/\/lukatilinger.com\/wp-content\/uploads\/2021\/10\/12_Telefon-9x12.jpg 9w, https:\/\/lukatilinger.com\/wp-content\/uploads\/2021\/10\/12_Telefon.jpg 823w\" sizes=\"auto, (max-width: 580px) 100vw, 580px\" \/><\/a>\n\t\t\t<\/div><\/figure><figure class='gallery-item'>\n\t\t\t<div class='gallery-icon portrait'>\n\t\t\t\t<a data-elementor-open-lightbox=\"yes\" data-elementor-lightbox-slideshow=\"797bf6f\" data-elementor-lightbox-title=\"Seeds\" data-e-action-hash=\"#elementor-action%3Aaction%3Dlightbox%26settings%3DeyJpZCI6MTEzNiwidXJsIjoiaHR0cHM6XC9cL2x1a2F0aWxpbmdlci5jb21cL3dwLWNvbnRlbnRcL3VwbG9hZHNcLzIwMjFcLzEwXC9LNF9DcnRlei5qcGciLCJzbGlkZXNob3ciOiI3OTdiZjZmIn0%3D\" href='https:\/\/lukatilinger.com\/wp-content\/uploads\/2021\/10\/K4_Crtez.jpg'><img loading=\"lazy\" decoding=\"async\" width=\"580\" height=\"761\" src=\"https:\/\/lukatilinger.com\/wp-content\/uploads\/2021\/10\/K4_Crtez-780x1024.jpg\" class=\"attachment-large size-large\" alt=\"\" srcset=\"https:\/\/lukatilinger.com\/wp-content\/uploads\/2021\/10\/K4_Crtez-780x1024.jpg 780w, https:\/\/lukatilinger.com\/wp-content\/uploads\/2021\/10\/K4_Crtez-229x300.jpg 229w, https:\/\/lukatilinger.com\/wp-content\/uploads\/2021\/10\/K4_Crtez-768x1008.jpg 768w, https:\/\/lukatilinger.com\/wp-content\/uploads\/2021\/10\/K4_Crtez-9x12.jpg 9w, https:\/\/lukatilinger.com\/wp-content\/uploads\/2021\/10\/K4_Crtez.jpg 823w\" sizes=\"auto, (max-width: 580px) 100vw, 580px\" \/><\/a>\n\t\t\t<\/div><\/figure>\n\t\t<\/div>\n\t\t<\/div>\n\t\t\t\t<\/div>\n\t\t\t\t<\/div>\n\t\t\t\t\t<\/div>\n\t\t<\/div>\n\t\t\t\t\t\t\t<\/div>\n\t\t<\/section>\n\t\t\t\t\t\t\t<\/div>\n\t\t","protected":false},"excerpt":{"rendered":"<p>Ispod krova nad glavom &#8211; Dragan \u017d. Babi\u0107 (2018, RTS izdava\u0161tvo) Stars are up above, planet is down below, roof is over your head, you are under the roof. It is a serious matter, requiring explanation. And here they are\u2026 Editor: Dragan In\u0111i\u0107<\/p>\n","protected":false},"author":1,"featured_media":0,"parent":0,"menu_order":0,"comment_status":"closed","ping_status":"closed","template":"templates\/template-full-width.php","meta":{"_monsterinsights_skip_tracking":false,"_monsterinsights_sitenote_active":false,"_monsterinsights_sitenote_note":"","_monsterinsights_sitenote_category":0,"footnotes":""},"class_list":["post-1124","page","type-page","status-publish","hentry"],"_links":{"self":[{"href":"https:\/\/lukatilinger.com\/index.php\/wp-json\/wp\/v2\/pages\/1124","targetHints":{"allow":["GET"]}}],"collection":[{"href":"https:\/\/lukatilinger.com\/index.php\/wp-json\/wp\/v2\/pages"}],"about":[{"href":"https:\/\/lukatilinger.com\/index.php\/wp-json\/wp\/v2\/types\/page"}],"author":[{"embeddable":true,"href":"https:\/\/lukatilinger.com\/index.php\/wp-json\/wp\/v2\/users\/1"}],"replies":[{"embeddable":true,"href":"https:\/\/lukatilinger.com\/index.php\/wp-json\/wp\/v2\/comments?post=1124"}],"version-history":[{"count":16,"href":"https:\/\/lukatilinger.com\/index.php\/wp-json\/wp\/v2\/pages\/1124\/revisions"}],"predecessor-version":[{"id":1668,"href":"https:\/\/lukatilinger.com\/index.php\/wp-json\/wp\/v2\/pages\/1124\/revisions\/1668"}],"wp:attachment":[{"href":"https:\/\/lukatilinger.com\/index.php\/wp-json\/wp\/v2\/media?parent=1124"}],"curies":[{"name":"wp","href":"https:\/\/api.w.org\/{rel}","templated":true}]}}